
20
What is the remainder when 187 is divided by 21?
19
What is the remainder when 265 is divided by 31?
17
What is the remainder when 216 is divided by 107?
2
Calculate the remainder when 3159 is divided by 20.
19
Calculate the remainder when 1077 is divided by 15.
12
What is the remainder when 2209 is divided by 41?
36
What is the remainder when 1874 is divided by 7?
5
Calculate the remainder when 2495 is divided by 64.
63
Calculate the remainder when 3967 is divided by 78.
67
What is the remainder when 24242 is divided by 319?
317
Calculate the remainder when 377 is divided by 35.
27
Calculate the remainder when 680 is divided by 77.
64
What is the remainder when 10632 is divided by 190?
182
What is the remainder when 553 is divided by 543?
10
Calculate the remainder when 443 is divided by 11.
3
Calculate the remainder when 260 is divided by 12.
8
What is the remainder when 218 is divided by 188?
30
What is the remainder when 461 is divided by 37?
17
Calculate the remainder when 95 is divided by 8.
7
What is the remainder when 1397 is divided by 27?
20
Calculate the remainder when 267 is divided by 47.
32
What is the remainder when 254 is divided by 51?
50
What is the remainder when 6203 is divided by 115?
108
What is the remainder when 90 is divided by 32?
26
Calculate the remainder when 2151 is divided by 75.
51
What is the remainder when 911 is divided by 76?
75
Calculate the remainder when 1974 is divided by 26.
24
What is the remainder when 63 is divided by 2?
1
Calculate the remainder when 6343 is divided by 264.
7
Calculate the remainder when 213 is divided by 120.
93
Calculate the remainder when 814 is divided by 20.
14
What is the remainder when 4378 is divided by 9?
4
Calculate the remainder when 61 is divided by 34.
27
Calculate the remainder when 457 is divided by 2.
1
What is the remainder when 266 is divided by 174?
92
Calculate the remainder when 83 is divided by 31.
21
Calculate the remainder when 432 is divided by 31.
29
Calculate the remainder when 559 is divided by 16.
15
What is the remainder when 777 is divided by 276?
225
What is the remainder when 1210 is divided by 52?
14
What is the remainder when 897 is divided by 90?
87
What is the remainder when 1152 is divided by 407?
338
What is the remainder when 2599 is divided by 866?
1
Calculate the remainder when 239 is divided by 98.
43
Calculate the remainder when 1729 is divided by 569.
22
Calculate the remainder when 282 is divided by 19.
16
Calculate the remainder when 2849 is divided by 25.
24
What is the remainder when 1733 is divided by 17?
16
What is the remainder when 889 is divided by 114?
91
Calculate the remainder when 107 is divided by 26.
3
What is the remainder when 182 is divided by 6?
2
What is the remainder when 258 is divided by 52?
50
What is the remainder when 9867 is divided by 14?
11
Calculate the remainder when 300 is divided by 13.
1
What is the remainder when 317 is divided by 46?
41
What is the remainder when 149 is divided by 18?
5
What is the remainder when 225 is divided by 62?
39
Calculate the remainder when 951 is divided by 28.
27
Calculate the remainder when 188 is divided by 6.
2
Calculate the remainder when 60 is divided by 45.
15
Calculate the remainder when 165 is divided by 37.
17
What is the remainder when 24 is divided by 11?
2
Calculate the remainder when 89 is divided by 18.
17
What is the remainder when 19 is divided by 6?
1
Calculate the remainder when 64 is divided by 40.
24
What is the remainder when 800 is divided by 273?
254
Calculate the remainder when 142 is divided by 18.
16
What is the remainder when 109 is divided by 55?
54
What is the remainder when 290 is divided by 73?
71
What is the remainder when 6826 is divided by 33?
28
What is the remainder when 298 is divided by 37?
2
Calculate the remainder when 283 is divided by 22.
19
Calculate the remainder when 73 is divided by 37.
36
What is the remainder when 708 is divided by 353?
2
Calculate the remainder when 237 is divided by 66.
39
Calculate the remainder when 15 is divided by 15.
0
What is the remainder when 372 is divided by 70?
22
Calculate the remainder when 249 is divided by 27.
6
What is the remainder when 26721 is divided by 131?
128
Calculate the remainder when 255 is divided by 40.
15
Calculate the remainder when 985 is divided by 250.
235
What is the remainder when 2223 is divided by 25?
23
Calculate the remainder when 202 is divided by 90.
22
Calculate the remainder when 65 is divided by 6.
5
What is the remainder when 2633 is divided by 17?
15
Calculate the remainder when 3010 is divided by 12.
10
What is the remainder when 227 is divided by 23?
20
Calculate the remainder when 1918 is divided by 19.
18
What is the remainder when 60 is divided by 16?
12
What is the remainder when 406 is divided by 34?
32
What is the remainder when 63 is divided by 5?
3
What is the remainder when 1344 is divided by 45?
39
Calculate the remainder when 9379 is divided by 20.
19
What is the remainder when 380 is divided by 43?
36
Calculate the remainder when 338 is divided by 65.
13
What is the remainder when 191 is divided by 172?
19
Calculate the remainder when 163 is divided by 33.
31
What is the remainder when 160 is divided by 33?
28
What is the remainder when 179 is divided by 85?
9
What is the remainder when 1718 is divided by 41?
37
What is the remainder when 225 is divided by 4?
1
What is the remainder when 191 is divided by 12?
11
What is the remainder when 1718 is divided by 40?
38
What is the remainder when 254 is divided by 243?
11
What is the remainder when 108 is divided by 61?
47
What is the remainder when 101 is divided by 8?
5
What is the remainder when 53 is divided by 44?
9
Calculate the remainder when 276 is divided by 230.
46
Calculate the remainder when 217 is divided by 38.
27
What is the remainder when 16368 is divided by 107?
104
What is the remainder when 17493 is divided by 473?
465
Calculate the remainder when 43 is divided by 31.
12
Calculate the remainder when 687 is divided by 46.
43
Calculate the remainder when 91 is divided by 73.
18
Calculate the remainder when 144 is divided by 37.
33
What is the remainder when 233 is divided by 121?
112
Calculate the remainder when 391 is divided by 80.
71
What is the remainder when 508 is divided by 5?
3
Calculate the remainder when 654 is divided by 55.
49
Calculate the remainder when 69 is divided by 7.
6
Calculate the remainder when 313 is divided by 29.
23
What is the remainder when 489 is divided by 184?
121
What is the remainder when 286 is divided by 39?
13
Calculate the remainder when 59 is divided by 20.
19
Calculate the remainder when 1898 is divided by 20.
18
What is the remainder when 3202 is divided by 17?
6
Calculate the remainder when 419 is divided by 415.
4
What is the remainder when 564 is divided by 301?
263
What is the remainder when 118 is divided by 46?
26
Calculate the remainder when 4208 is divided by 23.
22
What is the remainder when 549 is divided by 71?
52
What is the remainder when 286 is divided by 175?
111
What is the remainder when 410 is divided by 59?
56
Calculate the remainder when 439 is divided by 183.
73
What is the remainder when 2305 is divided by 35?
30
What is the remainder when 39 is divided by 5?
4
What is the remainder when 248 is divided by 85?
78
What is the remainder when 109 is divided by 16?
13
Calculate the remainder when 4405 is divided by 58.
55
Calculate the remainder when 2779 is divided by 121.
117
Calculate the remainder when 152 is divided by 80.
72
Calculate the remainder when 543 is divided by 6.
3
Calculate the remainder when 267 is divided by 17.
12
What is the remainder when 175 is divided by 3?
1
What is the remainder when 468 is divided by 92?
8
Calculate the remainder when 1738 is divided by 18.
10
What is the remainder when 1093 is divided by 53?
33
Calculate the remainder when 910 is divided by 46.
36
Calculate the remainder when 357 is divided by 8.
5
What is the remainder when 2388 is divided by 18?
12
Calculate the remainder when 153 is divided by 45.
18
Calculate the remainder when 344 is divided by 170.
4
What is the remainder when 90 is divided by 32?
26
Calculate the remainder when 106 is divided by 27.
25
What is the remainde